902252?
True
Is 9 a factor of 176670?
True
Is 64 a factor of 1565814?
False
Is 3 a factor of 458728?
False
Does 122 divide 1781624?
False
Does 394 divide 1908142?
True
Is 30855244 a multiple of 586?
True
Is 2 a factor of 141586?
True
Is 24 a factor of 27960?
True
Does 87 divide 226461?
True
Does 446 divide 2432930?
True
Does 10 divide 313166?
False
Is 23166 a multiple of 27?
True
Is 11 a factor of 156502?
False
Is 6 a factor of 3386275?
False
Does 5 divide 57940?
True
Is 148750 a multiple of 25?
True
Does 104 divide 128544?
True
Does 93 divide 128920?
False
Does 900 divide 12924900?
True
Is 84350 a multiple of 36?
False
Does 483 divide 5713407?
True
Is 725 a factor of 1007025?
True
Is 289 a factor of 2502136?
False
Is 161600 a multiple of 42?
False
Is 13632 a multiple of 12?
True
Does 122 divide 1129949?
False
Is 168164 a multiple of 34?
True
Is 43 a factor of 2290257?
False
Is 342398 a multiple of 21?
False
Does 130 divide 965578?
False
Is 76 a factor of 19102?
False
Does 3 divide 308991?
True
Is 14 a factor of 757558?
False
Is 121884 a multiple of 6?
True
Is 138909 a multiple of 310?
False
Is 1404586 a multiple of 794?
True
Is 4 a factor of 61217?
False
Is 214 a factor of 11488590?
True
Is 587 a factor of 5696642?
False
Is 63 a factor of 169131?
False
Does 12 divide 54792?
True
Is 311 a factor of 127821?
True
Is 5707024 a multiple of 206?
True
Is 141 a factor of 394631?
False
Is 123 a factor of 6624883?
False
Is 8739299 a multiple of 1105?
False
Does 35 divide 140105?
True
Is 21 a factor of 715849?
False
Is 10 a factor of 2698920?
True
Does 67 divide 845473?
True
Does 4 divide 766122?
False
Is 78 a factor of 1526444?
False
Does 9 divide 176525?
False
Is 4 a factor of 1518644?
True
Does 415 divide 2168375?
True
Is 197686 a multiple of 6?
False
Is 9 a factor of 566902?
False
Is 11 a factor of 617954?
False
Is 21 a factor of 628177?
False
Is 78463 a multiple of 49?
False
Does 125 divide 2970750?
True
Does 86 divide 10907810?
True
Does 36 divide 152856?
True
Is 425692 a multiple of 86?
False
Is 4 a factor of 36577?
False
Is 189405 a multiple of 345?
True
Does 41 divide 104911?
False
Is 88288 a multiple of 60?
False
Does 17 divide 894230?
False
Is 645482 a multiple of 12?
False
Does 114 divide 271092?
True
Is 5443995 a multiple of 111?
True
Is 317968 a multiple of 197?
False
Is 24 a factor of 152400?
True
Does 9 divide 863195?
False
Does 33 divide 566511?
True
Is 1500830 a multiple of 10?
True
Is 1693926 a multiple of 127?
True
Is 1757562 a multiple of 102?
True
Is 153 a factor of 408816?
True
Is 1422131 a multiple of 89?
True
Is 22 a factor of 313986?
False
Is 64296 a multiple of 24?
True
Is 258 a factor of 60000?
False
Is 59910 a multiple of 15?
True
Is 951360 a multiple of 240?
True
Is 17 a factor of 178211?
True
Does 410 divide 206159?
False
Is 269 a factor of 836321?
True
Is 35 a factor of 67240?
False
Is 3759422 a multiple of 37?
True
Does 59 divide 125752?
False
Does 2 divide 857893?
False
Is 328 a factor of 83551?
False
Is 9 a factor of 823257?
True
Is 9 a factor of 26721?
True
Is 43 a factor of 74820?
True
Is 20002400 a multiple of 1277?
False
Is 319 a factor of 90277?
True
Does 10 divide 117187?
False
Is 856846 a multiple of 409?
False
Does 502 divide 735932?
True
Is 21 a factor of 398748?
True
Does 14 divide 32236?
False
Is 555705 a multiple of 7?
False
Does 16 divide 113830?
False
Is 42 a factor of 15624?
True
Does 26 divide 53978?
False
Does 21 divide 3205240?
False
Does 225 divide 863550?
True
Does 140 divide 73669?
False
Does 315 divide 7458255?
True
Is 134 a factor of 3458004?
True
Is 312522 a multiple of 49?
True
Is 9932 a multiple of 13?
True
Is 57 a factor of 1217089?
False
Does 581 divide 12547859?
False
Does 6 divide 54814?
False
Does 103 divide 45011?
True
Is 257 a factor of 269336?
True
Is 125865 a multiple of 97?
False
Is 65898 a multiple of 1569?
True
Is 205 a factor of 372485?
True
Does 293 divide 62351?
False
Does 12 divide 6616?
False
Is 557557 a multiple of 143?
True
Is 1262514 a multiple of 22?
True
Is 120 a factor of 537840?
True
Does 30 divide 4890?
True
Is 68889 a multiple of 284?
False
Does 440 divide 2126960?
True
Is 476 a factor of 566440?
True
Is 497 a factor of 360398?
False
Is 65237 a multiple of 3?
False
Is 124 a factor of 775706?
False
Is 429 a multiple of 143?
True
Is 10 a factor of 2826405?
False
Is 6520324 a multiple of 281?
True
Does 180 divide 156060?
True
Does 40 divide 272128?
False
Does 17 divide 91766?
True
Is 13 a factor of 230812?
False
Is 442865 a multiple of 115?
True
Is 997935 a multiple of 5?
True
Is 248 a factor of 1298369?
False
Is 283246 a multiple of 153?
False
Does 9 divide 19521?
True
Is 3 a factor of 5795985?
True
Is 89 a factor of 3825662?
False
Is 18 a factor of 51171?
False
Is 420800 a multiple of 22?
False
Is 149 a factor of 201016?
False
Is 85110 a multiple of 22?
False
Is 202 a factor of 269798?
False
Does 25 divide 6530791?
False
Is 204213 a multiple of 34?
False
Does 13 divide 478089?
False
Does 42 divide 129329?
False
Is 8 a factor of 349282?
False
Is 71 a factor of 46870?
False
Is 8663364 a multiple of 23?
True
Does 9 divide 4302?
True
Is 868965 a multiple of 95?
True
Is 107 a factor of 3169340?
True
Is 363822 a multiple of 3?
True
Does 2 divide 8115?
False
Is 19256 a multiple of 4?
True
Is 103494 a multiple of 282?
True
Does 2 divide 1460?
True
Does 182 divide 11769030?
True
Is 126 a factor of 42014?
False
Does 18 divide 211223?
False
Does 33 divide 968241?
False
Does 24 divide 44808?
True
Does 26 divide 35386?
True
Does 8 divide 53624?
True
Is 10 a factor of 3579290?
True
Is 4148536 a multiple of 100?
False
Is 51 a factor of 11920791?
True
Does 7 divide 24989?
False
Does 2 divide 899850?
True
Is 16 a factor of 1006112?
True
Is 119 a factor of 523719?
True
Does 244 divide 137616?
True
Is 121225 a multiple of 325?
True
Is 616448 a multiple of 401?
False
Does 272 divide 158022?
False
Is 1114679 a multiple of 127?
True
Is 5049225 a multiple of 29?
False
Does 15 divide 2319559?
False
Is 5621517 a multiple of 7?
False
Is 393336 a multiple of 81?
True
Is 201 a factor of 589776?
False
Is 208619 a multiple of 237?
False
Is 393 a factor of 333657?
True
Does 139 divide 640022?
False
Is 502 a factor of 2076272?
True
Does 7 divide 3285?
False
Does 28 divide 4060?
True
Is 85 a factor of 360145?
True
Is 330 a factor of 890340?
True
Is 31 a factor of 9724514?
True
Does 536 divide 307808?
False
Is 17 a factor of 1872809?
False
Does 12 divide 66191?
False
Is 13 a factor of 13608478?
True
Is 1660017 a multiple of 127?
True
Is 2007405 a multiple of 45?
True
Is 8 a factor of 43800?
True
Is 102 a factor of 244902?
True
Is 241681 a multiple of 127?
True
Does 118 divide 188446?
True
Does 243 divide 109574?
False
Is 23 a factor of 1618740?
True
Does 20 divide 132509?
False
Does 204 divide 36859?
False
Is 2788870 a multiple of 35?
True
Is 11 a factor of 4330283?
False
Does 140 divide 319060?
True
Is 355540 a multiple of 10?
True
Does 61 divide 3495605?
True
Is 4421907 a multiple of 49?
True
Does 17 divide 451962?
True
Is 709886 a multiple of 6?
False
Does 312 divide 1641432?
True
Is 234 a factor of 1861704?
True
Does 159 divide 2636010?
False
Is 93597 a multiple of 30?
False
Is 58528 a multiple of 32?
True
Is 37835 a multiple of 23?
True
Is 156 a factor of 61155?
False
Is 9848771 a multiple of 16?
False
Is 2 a factor of 67092?
True
Is 6 a factor of 982986?
True
Is 59 a factor of 334884?
True
Is 15133200 a multiple of 400?
True
Does 288 divide 1209024?
True
Is 83138 a multiple of 45?
False
Does 93 divide 558000?
True
Does 176 divide 658592?
True
Is 29 a factor of 2815?
False
Is 32070 a multiple of 30?
True
Is 277731 a multiple of 9?
True
Is 2035621 a multiple of 1040?
False
Does 466 divide 14954990?
False
Does 24 divide 585156?
False
Does 116 divide 7976788?
False
Does 9 divide 110669?
False
Does 747 divide 2647819?
False
Does 766 divide 13916688?
True
Does 16 divide 129120?
True
Is 4010178 a multiple of 6?
True
Does 4 divide 253624?
True
Is 11 a factor of 3486340?
True
Does 38 divide 22922474?
True
Is 294354 a multiple of 81?
True
Is 5474424 a multiple of 921?
True
Is 1715928 a multiple of 424?
True
Is 11135250 a multiple of 909?
True
Does 13 divide 685197?
False
Is 65 a factor of 26363546?
Fa